 724?
7
What is the remainder when 140662 is divided by 1327?
0
Calculate the remainder when 62348 is divided by 86.
84
What is the remainder when 4853 is divided by 311?
188
What is the remainder when 6414 is divided by 2011?
381
Calculate the remainder when 2906 is divided by 11.
2
What is the remainder when 216223 is divided by 7722?
7
What is the remainder when 3669 is divided by 54?
51
What is the remainder when 140774 is divided by 221?
218
What is the remainder when 360711 is divided by 18035?
11
Calculate the remainder when 90773 is divided by 68.
61
Calculate the remainder when 65994 is divided by 6594.
54
What is the remainder when 52022 is divided by 52?
22
Calculate the remainder when 6853 is divided by 230.
183
What is the remainder when 97718 is divided by 487?
318
Calculate the remainder when 12377 is divided by 289.
239
What is the remainder when 13052 is divided by 102?
98
What is the remainder when 50881 is divided by 380?
341
What is the remainder when 853437 is divided by 23?
22
Calculate the remainder when 8006 is divided by 52.
50
What is the remainder when 4021 is divided by 168?
157
Calculate the remainder when 900751 is divided by 450375.
1
What is the remainder when 41729 is divided by 54?
41
Calculate the remainder when 685691 is divided by 16.
11
Calculate the remainder when 252 is divided by 120.
12
Calculate the remainder when 68263 is divided by 2067.
52
Calculate the remainder when 3575 is divided by 1038.
461
What is the remainder when 517065 is divided by 8?
1
What is the remainder when 2006 is divided by 137?
88
Calculate the remainder when 27188 is divided by 756.
728
Calculate the remainder when 33477 is divided by 24.
21
Calculate the remainder when 6615 is divided by 232.
119
What is the remainder when 5920 is divided by 129?
115
What is the remainder when 2273 is divided by 250?
23
Calculate the remainder when 291562 is divided by 78.
76
Calculate the remainder when 18696 is divided by 434.
34
Calculate the remainder when 3699 is divided by 381.
270
Calculate the remainder when 11344 is divided by 60.
4
Calculate the remainder when 4004 is divided by 3983.
21
Calculate the remainder when 677046 is divided by 550.
546
Calculate the remainder when 230155 is divided by 76716.
7
Calculate the remainder when 20708 is divided by 71.
47
What is the remainder when 81513 is divided by 344?
329
What is the remainder when 13045 is divided by 55?
10
What is the remainder when 175557 is divided by 77?
74
Calculate the remainder when 2963 is divided by 136.
107
Calculate the remainder when 3200 is divided by 177.
14
Calculate the remainder when 256806 is divided by 305.
301
What is the remainder when 23559 is divided by 126?
123
What is the remainder when 787 is divided by 331?
125
What is the remainder when 15254 is divided by 609?
29
What is the remainder when 14737 is divided by 7337?
63
What is the remainder when 1284 is divided by 96?
36
Calculate the remainder when 28153 is divided by 14056.
41
What is the remainder when 10889 is divided by 778?
775
Calculate the remainder when 18268 is divided by 129.
79
Calculate the remainder when 6764 is divided by 483.
2
Calculate the remainder when 125828 is divided by 107.
103
Calculate the remainder when 216842 is divided by 183.
170
What is the remainder when 117757 is divided by 460?
457
What is the remainder when 50428 is divided by 385?
378
Calculate the remainder when 789553 is divided by 394763.
27
Calculate the remainder when 9458 is divided by 3.
2
Calculate the remainder when 4822 is divided by 911.
267
Calculate the remainder when 131004 is divided by 178.
174
Calculate the remainder when 22403 is divided by 97.
93
Calculate the remainder when 62184 is divided by 34.
32
What is the remainder when 2166 is divided by 349?
72
What is the remainder when 240581 is divided by 68?
65
Calculate the remainder when 3819 is divided by 892.
251
Calculate the remainder when 106368 is divided by 1457.
7
What is the remainder when 8376 is divided by 63?
60
Calculate the remainder when 111882 is divided by 15981.
15
Calculate the remainder when 23395 is divided by 1215.
310
Calculate the remainder when 38054 is divided by 19027.
0
What is the remainder when 2532 is divided by 87?
9
What is the remainder when 596 is divided by 575?
21
Calculate the remainder when 1901 is divided by 627.
20
What is the remainder when 5457 is divided by 1337?
109
Calculate the remainder when 286252 is divided by 7736.
20
Calculate the remainder when 3494 is divided by 88.
62
Calculate the remainder when 4622 is divided by 73.
23
Calculate the remainder when 2557 is divided by 433.
392
What is the remainder when 25897 is divided by 74?
71
What is the remainder when 2404975 is divided by 109?
108
Calculate the remainder when 14076 is divided by 183.
168
What is the remainder when 34477 is divided by 151?
49
What is the remainder when 1304 is divided by 53?
32
What is the remainder when 1389 is divided by 397?
198
What is the remainder when 15398 is divided by 11?
9
What is the remainder when 1049 is divided by 341?
26
Calculate the remainder when 226914 is divided by 19.
16
What is the remainder when 26553 is divided by 302?
279
What is the remainder when 45828 is divided by 94?
50
Calculate the remainder when 3525 is divided by 382.
87
Calculate the remainder when 56992 is divided by 138.
136
Calculate the remainder when 90554 is divided by 1926.
32
Calculate the remainder when 6055 is divided by 299.
75
Calculate the remainder when 623 is divided by 113.
58
Calculate the remainder when 66789 is divided by 159.
9
What is the remainder when 1509 is divided by 88?
13
What is the remainder when 1529 is divided by 331?
205
What is the remainder when 7601 is divided by 19?
1
Calculate the remainder when 12742 is divided by 4214.
100
What is the remainder when 27639 is divided by 2508?
51
Calculate the remainder when 2286 is divided by 37.
29
What is the remainder when 359037 is divided by 96?
93
What is the remainder when 806986 is divided by 505?
501
Calculate the remainder when 6844 is divided by 2250.
94
What is the remainder when 958 is divided by 113?
54
What is the remainder when 28368 is divided by 9241?
645
What is the remainder when 110789 is divided by 22?
19
Calculate the remainder when 1975 is divided by 374.
105
What is the remainder when 77956 is divided by 13?
8
What is the remainder when 389501 is divided by 16?
13
What is the remainder when 139445 is divided by 571?
121
Calculate the remainder when 405000 is divided by 74.
72
What is the remainder when 57939 is divided by 32?
19
Calculate the remainder when 7704 is divided by 817.
351
What is the remainder when 82741 is divided by 13781?
55
What is the remainder when 40184 is divided by 141?
140
What is the remainder when 2302 is divided by 371?
76
What is the remainder when 10121 is divided by 200?
121
Calculate the remainder when 126536 is divided by 74.
70
Calculate the remainder when 149234 is divided by 455.
449
Calculate the remainder when 12723 is divided by 12705.
18
What is the remainder when 30263 is divided by 359?
107
Calculate the remainder when 43589 is divided by 2724.
5
Calculate the remainder when 136269 is divided by 41.
26
What is the remainder when 305 is divided by 6?
5
Calculate the remainder when 15755 is divided by 326.
107
Calculate the remainder when 27123 is divided by 1355.
23
Calculate the remainder when 26895 is divided by 6.
3
Calculate the remainder when 18143 is divided by 72.
71
What is the remainder when 13400 is divided by 8?
0
Calculate the remainder when 88687 is divided by 8.
7
Calculate the remainder when 43930 is divided by 8685.
505
Calculate the remainder when 37199 is divided by 197.
163
Calculate the remainder when 36434 is divided by 1079.
827
What is the remainder when 44690 is divided by 281?
11
Calculate the remainder when 3250 is divided by 64.
50
What is the remainder when 22690 is divided by 43?
29
Calculate the remainder when 574061 is divided by 38.
33
Calculate the remainder when 18017 is divided by 329.
251
What is the remainder when 90656 is divided by 10072?
8
What is the remainder when 121152 is divided by 11013?
9
Calculate the remainder when 3474 is divided by 402.
258
W